 -4*o = -4*k + 44. Let m = o - -3. Determine d(m).
4
Let j(f) be the first derivative of 3*f**2/2 + f - 6. Determine j(-3).
-8
Suppose -f - 1 = 1. Let z be 48/9 - f/3. Let y(k) = k**2 - 8*k + 9. What is y(z)?
-3
Let g be 2/(-2 + 0) - -3. Let b(f) = 4*f - 3. What is b(g)?
5
Let q = 15 + -7. Let v(l) = -q*l**2 - 3*l + 1 + l + l**2. Give v(1).
-8
Let k(v) = -v**3 - 6*v**2 + 2*v - 1. Let m(j) = j**3 + 9*j**2 - 2*j. Let y(u) = 5*k(u) + 4*m(u). Let l be (-2)/(-8) - (-23)/4. Give y(l).
7
Let i = 2 - 7. Let q(p) = p**3 + 4*p**2 - 6*p + 2. Determine q(i).
7
Let u = 1 - 2. Let f(l) = 2*l**3 + 2*l**2 - 1. Let i be f(u). Let k(v) be the second derivative of -v**3 + 4*v. Give k(i).
6
Let k = -44 - -46. Let m(q) = 1. Let l(c) = -c + 4. Let p(b) = 4*l(b) - 18*m(b). What is p(k)?
-10
Let r(s) = s - 2. Let t be ((-12)/(-16))/(1/(-4)). What is r(t)?
-5
Let h(z) = 11*z**2 + 8*z + 3. Let x(i) = -3*i**2 - 3*i**2 + 3*i**2 - 1 - 4*i - 2*i**2. Let t(c) = 4*h(c) + 9*x(c). Give t(-5).
-2
Suppose -3*r - 5*w = 20 - 51, -5*r + 4*w = 10. Let c(q) = 3 + r*q - q + 4 + 2. Let u(b) = -1. Let a(y) = -c(y) - 2*u(y). Calculate a(-5).
-2
Let d be (-8 - -11)/(2/(-12)). Let y be ((-8)/d)/((-6)/(-27)). Let j(u) = -7*u. Determine j(y).
-14
Let d = 0 - 5. Let u(k) be the third derivative of -k**6/120 - k**5/12 - k**4/12 - 2*k**3/3 - 36*k**2. Give u(d).
6
Let f(r) = r**3 + 4*r**2 - 3*r - 3. Suppose 10*p - 6*p + 16 = 0. Give f(p).
9
Suppose 9*n - 3*r - 26 = 4*n, 4*r - 12 = -5*n. Let a be -1*(0 - -1) + n. Let l(m) = -m + 2. Calculate l(a).
-1
Suppose 16 = 3*d + 4, -22 = -2*k - 2*d. Let v(x) = -4*x**2 - k*x + 14*x - 6*x. Give v(-1).
-5
Let p(g) = -5 - 2 - 2*g + 2. Let d = -51 + 87. Suppose -4*a - d = -5*n, -4*a - 45 = -3*n - 17. What is p(a)?
3
Let b(w) = 2*w**2 - 6*w + 1. Suppose 0 = -u - u + 8. Calculate b(u).
9
Let z(r) = -3*r - 2. Let c = -6 - -4. Let s(g) = 4*g + 2. Let l(h) = c*s(h) - 3*z(h). Let v(a) = -2*a - 1. Let b be v(2). Determine l(b).
-3
Let o(k) = -k - 9. Let w be o(-10). Let f(q) be the first derivative of 2*q**3 - q**2/2 + q + 1. Determine f(w).
6
Let c(h) = 2*h - 6. Let z(l) be the third derivative of -1/24*l**4 + 0 + 0*l + 5/6*l**3 + l**2. Let j be z(0). What is c(j)?
4
Let s(v) = -v**3 - 3*v**2 + 29*v. Let a be s(-7). Let r(j) = j**2 + 9*j + 3. Give r(a).
-11
Let u(l) = -l. Suppose g - 2*h + 13 = 0, 0 = -4*g - h - 0 - 34. Let f(b) = 4*b. Let w(d) = g*u(d) - 2*f(d). Calculate w(4).
4
Let j = -2 + 2. Suppose j = 2*k - k. Let x(l) = l**2 + 3. Determine x(k).
3
Let n(z) = -z - 2. Suppose q - 5*o + 5 = -6, 5*q - 3*o + 33 = 0. Determine n(q).
4
Let a(w) = w**2 + 8*w - 4. Let o(k) = -9*k**3 + k**2. Let r be o(1). Let l be a(r). Let t be 1/l + 102/24. Let m(y) = -y**2 + 4*y + 3. Determine m(t).
3
Suppose n = 5*a - 5, 6*n - 3*n = -2*a + 2. Let r(q) = q**2 - q + 6. Let o(d) = d + 1. Let c(i) = a*r(i) - 5*o(i). Let p = 185 + -180. Calculate c(p).
-4
Let o(b) = -b**2 + b. Let c(x) = x**3 + 8*x**2 + x + 1. Let p(k) = -c(k) - 4*o(k). Calculate p(-4).
19
Let t(n) = 3*n - 40 + 40. Determine t(1).
3
Let y(c) = 10*c. Let s be y(1). Let r = -5 + s. Suppose -2*q - r*d + 25 = 0, 4*q + 14 = 3*d - 1. Let x(m) = -m**3 - m**2 + m + 3. What is x(q)?
3
Let l(i) = -i**3 + 6*i**2 + 7*i - 3. Let r be l(7). Let x(b) = -2*b + 1. Give x(r).
7
Let u(c) = 3 - 143*c + 76*c + 68*c. What is u(7)?
10
Let z(o) = o**3 + 5*o**2 - 5*o + 2. Let b be z(-5). Let r be (-72)/b*3/2. Let n(u) = -u - 3. What is n(r)?
1
Let d(f) = -f - 4. Let t(n) = n + 6. Let c be t(-7). Let u be 6/2*c/(-3). Let p be u/2*-2*6. Give d(p).
2
Suppose 8*h - 18 = 2*h. Let q(t) = 5*t**3 - 2*t**2 - 8. Let o(k) = 6*k**3 - 2*k**2 - 9. Let j(v) = -4*o(v) + 5*q(v). Calculate j(h).
5
Let h(l) = 1 + 14*l - 7 + 3 + 2. Calculate h(1).
13
Let m(v) = v - 7. Let r = 10 + -3. Determine m(r).
0
Let v = -1 - -1. Let h(q) = -5 + 4 - q + v*q. Suppose 2*t + 1 = 11. What is h(t)?
-6
Suppose f - 2*f = -2*r - 1, 3*f = -4*r + 3. Let h(n) = 2*n**3 + 8*n**2 + 7*n - 17. Let t(v) = v**3 + 3*v**2 + 3*v - 8. Let k(d) = -2*h(d) + 5*t(d). Give k(r).
-6
Let r(s) = 4*s - 5*s**3 - 4604 + 4609 - 4*s**2 + 4*s**3. Determine r(-4).
-11
Let y = 5 + -2. Let i(o) = y + 7 - 6 - o. Give i(0).
4
Let o(i) be the first derivative of i**2/2 - 5*i + 1. Suppose -l - 2*l - 3*k = -15, 0 = -2*l + 5*k - 18. Let w be 0/(1 - (l + -3)). Give o(w).
-5
Let b(n) = -3*n**2 + 28*n - 22. Let t(u) = u**2 - 9*u + 7. Let m(p) = 2*b(p) + 7*t(p). Give m(6).
-1
Let y(c) = -4*c + 4. Let x = 9 - 5. What is y(x)?
-12
Let s(d) = d - 18. Let f(n) = n - 16. Let a(w) = 5*f(w) - 4*s(w). What is a(7)?
-1
Let s(v) be the first derivative of -1/2*v**2 + 1 - 8*v. Let k = -26 - -21. Calculate s(k).
-3
Let h(s) = s + 5. Let j(w) = 2. Let c(d) = 2*h(d) - 5*j(d). Let y be -6*(7/2 + -4). Give c(y).
6
Let h = 16 - 11. Let z(f) be the third derivative of -f**4/24 - f**3/2 + f**2. Give z(h).
-8
Let h(r) be the second derivative of -r**8/6720 - r**7/420 - r**5/30 + r**4/4 - r. Let l(a) be the third derivative of h(a). What is l(-6)?
-4
Let c(m) = -12 - m - 4*m + 2 + 6*m. Calculate c(7).
-3
Let p(s) be the first derivative of -s**4/4 - 2*s**3/3 - s**2 - 66. Suppose -4*c - t = 3*t + 4, 5 = 5*t. What is p(c)?
4
Let o(b) = b**2 + 7*b + 6. Let c be o(-4). Let r be (-2)/1 - c*1. Let l(t) = -t**3 + 4*t**2 - t - 1. Calculate l(r).
-5
Suppose -2*i - 5*d + 6 = 0, 0 = 2*d + 3*d. Let j(n) = -7*n - 3 + i + n. Suppose -5*f + 4*a + 2 = -1, 3*f + 9 = -3*a. Give j(f).
6
Let l(m) = m**3 + 6*m**2 + 6*m + 3. Suppose 0 = -2*s - j + 3, -j = -3*s - 4 + 16. Suppose -s*k - 5*p = -2*k, 2*k = 2*p - 12. Give l(k).
-2
Let s(a) = -a**2 - 9*a - 10. Let w(o) = 2*o - 4. Let j be w(-5). Let l be (-2)/(-7) - (-102)/j. Determine s(l).
4
Let n(f) = f**3 - f**2 - f + 1. Let g(b) = -b**3 - 3*b**2 + 4*b + 2. Let z(m) = g(m) + 2*n(m). Calculate z(5).
14
Let a(t) = -t**3 + 3*t**2 + 2*t + 7. Let r(u) = -u**3 + 4*u**2 + 3*u + 6. Let x(o) = -4*a(o) + 3*r(o). Give x(0).
-10
Let x be ((-4)/(-14))/((-1)/(-7)). Let j(i) = -i**2 + 5*i - 3. Calculate j(x).
3
Let x(p) = 2*p**3 + 4 + 4 - p**3 + 13*p**2 - 4*p**2. Give x(-9).
8
Suppose 3*l + 0 = -2*j - 6, 0 = 5*l + 4*j + 8. Let k(s) be the first derivative of -s**3/3 - 3*s**2/2 + 1. Give k(l).
-4
Let d(p) = 4*p + 4. Let n(a) = 17*a + 15. Let c(j) = 9*d(j) - 2*n(j). Give c(-5).
-4
Let h(j) = 6*j**3 - j + 1. Let l be h(1). Suppose d - l*d = 0. Let y(m) = -m + 2 + 3 + d - 2. Determine y(4).
-1
Let a(r) = r**2 - 3*r + 1. Let v be (-9 + 6)/((-3)/(-2)) + 7. What is a(v)?
11
Let q(y) = 7*y**2 - 3*y + 1. Let g(j) = 6*j**2 - 2*j + 4. Let r(d) = -7*d**2 + 2*d - 5. Let i(c) = 4*g(c) + 3*r(c). Let u(o) = -9*i(o) + 4*q(o). Give u(-6).
-5
Let n = -9 + 17. Suppose 0 = x + x + n. Let b(v) = v**2 + 6*v + 3. Determine b(x).
-5
Let z be (-14)/(-2) - 0/2. Suppose 4*p + 4*f - 21 = -5, 3*p - 2*f = z. Let u(x) = 8*x + p + 2 - 9*x. What is u(0)?
5
Let p(a) = -a**3 + 5*a**2 + 2. Let d be p(5). Let n(y) = -y**2 + 2 + 2*y**2 + y**d + 0*y**2. Calculate n(-2).
10
Let i(g) = 4*g - 3. Let x(c) = 3*c - 4. Let t(s) = 5*i(s) - 4*x(s). Give t(-1).
-7
Let t(y) = 1 - 5*y**3 - 3*y**2 + 4*y**3 + 0*y**3. What is t(-2)?
-3
Let j(z) = -z**2 + 17*z + 6. Let x be j(17). Let w(l) = -l**2 + 9*l - 9. What is w(x)?
9
Let t(s) = -2*s - 2. Let d(q) = 2*q + 6. Let a be d(-6). Let f be (0 - 1)*-2*3/(-6). Let p(x) = x + 1. Let k(l) = a*p(l) + f*t(l). Calculate k(-3).
8
Let k = 13 - 3. Suppose i - 2*i + 8 = 5*b, -3*i = b - k. Let c(a) = -4 - b + 3*a + 4 + 3. Give c(-4).
-10
Let p(r) be the third derivative of r**4/24 + 2*r**3/3 + r**2. Let g be p(0). Let c(n) = -n**2 + n + 2*n + 2*n - 1. Calculate c(g).
3
Let l(x) be the second derivative of -1/3*x**3 + 0 - 7/2*x**2 - x. Give l(-6).
5
Let j(x) = x**2 + 6*x + 5. Let u be (-14)/(-14)*2/(4/(-10)). Give j(u).
0
Let j be -6*(-4)/(-16) - -2. Let g(s) be the first derivative of -j*s**2 + 2*s + 2/3*s**3 + 1 - 1/4*s**4. Determine g(2).
0
Let z(p) = -p**3 - 7*p**2 - p - 3. Let x be z(-7). Suppose -25 = -u - x*u. Suppose -l + 0 = u. Let f(m) = -m**2 - 6*m - 3. Determine f(l).
2
Let g be (-6)/(-9)*6/4. Let w be 2 + g*-3 + 3. Let h(v) = 1 - 2*v + v**w + 0*v + 3*v. What is h(-3)?
7
Let m(h) = -h**3 - 6*h**2 + 5*h - 9. Let w be -4 + 3*(-3 - -2). Let o be m(w). Let u(q) = q**3 - 4*q**2 - 5*q - 6. Determine u(o).
-6
Let k(t) = -t**2 + 3*t - 1. Le